4 - 7*d**2. Let g be (-75)/(-25)*(-2)/6. Determine t(g).
5
Suppose 4*r = s + 15, 4*s + 0*r + 4 = 2*r. Let g(p) = -5*p + 1. Let d be g(s). Let c(y) = -26 - 3*y + 4*y + 30. What is c(d)?
0
Let t(m) = 7*m**3 - 8*m**2 + 4*m - 5. Let b(a) = 6*a**3 - 7*a**2 + 3*a - 4. Let w = 16 + -10. Let j(n) = w*b(n) - 5*t(n). Let v = -1 + -1. Calculate j(v).
-11
Let f(i) = -i**2 + 11*i + 19. Suppose -39*p = -233 - 196. What is f(p)?
19
Let c = 276 - 276. Let f(d) = 4 + d**2 - 1 - 11 + d. Calculate f(c).
-8
Suppose -2*c = 3*b + 10, b + 3*c = 2*b - 15. Let m(v) be the second derivative of b*v**2 + 1/6*v**3 - 4*v + 0. Give m(-1).
-1
Suppose 0 = k - 3 - 1. Suppose o + 100 = -k*o. Let y = -13 - o. Let l(d) = 2*d - 3. Give l(y).
11
Let t be -5*(-2 - (-36)/20). Let a = -6 + 9. Let q(n) = 5 - n - a - 1. Determine q(t).
0
Let f = 4 - 1. Let h(j) = 4 - j**3 + 2*j - 454*j**2 + 455*j**2 - 3*j. What is h(f)?
-17
Let s(r) = -r - 5. Let w(t) = -5*t - 6. Let j be w(-6). Suppose 3*z = -z + 80. Let f = z - j. Determine s(f).
-1
Let f(o) be the third derivative of 0 - 5/6*o**3 - 1/4*o**4 - 7*o**2 - 1/120*o**5 + 0*o. Let a(j) be the first derivative of f(j). What is a(5)?
-11
Let c(z) = -z - 16. Let q be c(-24). Let u(s) = s**2 - 8*s - 5. Calculate u(q).
-5
Let m(x) = -x - 2. Suppose -39 = -5*j - 14, -31 = 3*s + j. Determine m(s).
10
Let m be (-6)/(-10) - 2/(-5). Suppose -5*h + m = -9. Let f(w) = 1 + 2*w**2 - w**h - 3*w - 3. What is f(3)?
-2
Let f(b) = b**2 - 5*b - 2. Let c(x) = 5*x + 1. Let n(g) = g**2 + g - 1. Let d(r) = c(r) - n(r). Let a(k) = -5*d(k) - 4*f(k). Determine a(0).
-2
Let v(o) = o + 1. Let b be (45/(-12) - -3)/(1/(-84)). Let u be 14/b + (-2)/9. Determine v(u).
1
Let j = 22 + -17. Suppose -b - 8 = 2*u, 18 = -j*u - 5*b - 12. Let a(z) = z**2 + 2. Give a(u).
6
Let i be (5/(-3))/(5*(-2)/30). Let x(d) = -d**3 + 7*d**2 - 8*d + 6. Determine x(i).
16
Let t(m) = m**2 - 3*m - 2. Let r(s) = -s - 3. Let y(f) = -6*r(f) - t(f). What is y(11)?
-2
Let f(q) = q**2 + 3 - 5*q**2 + 4*q**2 - 2*q + 4*q**2 - q**3. Suppose 0 = -11*s + 9*s + 8. Give f(s).
-5
Let t(q) be the third derivative of 7/24*q**4 + q**3 + 0 - 1/60*q**5 - 2*q**2 + 0*q. Give t(8).
-2
Let v(g) = -11*g**3 - 3*g**2 + 3*g - 1. Let k be v(1). Let s(f) = -2*f - 10. Determine s(k).
14
Let x(a) be the first derivative of a**2/2 + 10*a - 93. Give x(0).
10
Let v(m) = m. Let j be v(3). Let d(y) = 2*y**2 + 7*y**2 - 2 - 2 + 5*y**2 + 4*y - 16*y**2. Calculate d(j).
-10
Let v be (8 - 2)*(-3)/(-6). Let w(o) = -1 - 1 + o**2 - 2*o + 2*o**v + o**2. Let q(g) = 6*g + 40. Let x be q(-7). What is w(x)?
-6
Let y(s) = 8*s - 4. Let x(c) = c**3 - 25*c**2 - 24*c - 57. Let z be x(26). Calculate y(z).
-44
Let r be (-120)/(-32) + 3/12. Let b(u) = -u**2 + 5*u + 1. Calculate b(r).
5
Let x(q) = q + 16. Suppose -u = 4*s - 64, 4*s = -s + 2*u + 93. Suppose s*h = 12*h. Calculate x(h).
16
Let i(r) = 6*r**3 - 2*r**2 + r. Suppose 0 = -5*d - 0*d - 25. Let l = d + 6. Calculate i(l).
5
Let t(o) = o + 3. Suppose -4*g + 7*g + 5*k + 35 = 0, 0 = -5*g + k - 49. Let b be (0 - 0)/(g/10). Give t(b).
3
Let z(a) = 6*a - 8. Suppose 3*l + 17*l + 140 = 0. What is z(l)?
-50
Let p(v) = -6*v**3 + 8*v**2 + 14*v - 11. Let z(b) = -7*b**3 + 9*b**2 + 17*b - 13. Let j(h) = 6*p(h) - 5*z(h). What is j(2)?
1
Let q(y) = -y**3 + 13*y**2 + 6*y - 92. Let h be q(13). Let p(u) = u**3 + 14*u**2 - 2*u + 6. What is p(h)?
34
Suppose z + 2*w - 3 = 0, -5*z = -4*z - 4*w + 15. Let y(k) = 1 - 3 + 6*k - 9*k + 0. Give y(z).
7
Let x(r) be the first derivative of -r**3/3 - 11*r**2/2 + 20*r - 115. Let u(g) = -g - 12. Let n be u(0). Let c be x(n). Let l(q) = q**2 - 9*q - 4. Give l(c).
-12
Let u be (-4)/6*(-18)/4. Suppose -3*t = -5*d + 14, u*t + 0*t + 6 = 3*d. Let m(f) = 3*f**3 - 3*f**2 + 3*f - 1. What is m(t)?
17
Let t = -1074 - -1080. Let q(p) = p**2 - 7*p - 6. Calculate q(t).
-12
Let r(u) = -8*u - 3. Suppose -25*o - 312 = 27*o. Calculate r(o).
45
Let h(b) = -9 + 7*b**2 + 8*b - 19*b**2 + 13*b**2. Determine h(-7).
-16
Let k(h) be the third derivative of -1/12*h**4 - 20*h**2 + 0*h - 1/60*h**5 + 2/3*h**3 + 0. Calculate k(-3).
1
Let s(n) = 11*n + 1. Suppose -4*m - 2*x = -m, 5*m - 5*x = 25. Determine s(m).
23
Let t(c) = c**3 + 7*c**2 + 6*c + 9. Suppose -3*m = m + 16. Let b = -579 - -571. Let h be m/b*-3*4. What is t(h)?
9
Let j = -9 + 15. Let q(a) = a - 4. Let l be 16/((-48)/6)*3/2. Let y(v) = v - 5. Let i(g) = l*q(g) + 2*y(g). Give i(j).
-4
Let y(g) = g**3 - 4*g**2 - 7*g + 3. Suppose -c - 4*a = -22, 2*c + 2*a - 14 = c. Give y(c).
33
Let r be 28/5 - 6/(-15). Let t(i) = i**2 - 7*i + 3. Let n be t(r). Let m(u) = 3*u - 6. Let x(q) = 8*q - 17. Let z(o) = -11*m(o) + 4*x(o). Calculate z(n).
1
Suppose 2*w = -5 + 9. Let q(k) = 19 - 2*k**w - 9 - 9. What is q(2)?
-7
Let z(a) be the first derivative of -a**4/4 - 4*a**3/3 + 3*a**2 + 5*a - 81. Suppose 15 = -5*p + 2*b, 2*p = 4*p + 3*b + 25. Calculate z(p).
0
Let n(h) = -187*h + 552. Let o be n(3). Let i(b) = 2*b**3 + 18*b**2 - b - 4. Give i(o).
5
Let a(t) = -t - 2. Let b = -264 - -256. Give a(b).
6
Let j(a) be the second derivative of -a**4/12 - 7*a**3/3 + 3*a**2/2 + 67*a + 4. What is j(-11)?
36
Suppose i - 4*z + 14 = 0, 2*z - 27 + 29 = 2*i. Let s(v) = -v**3 + 6*v**2 + v - 10. Give s(i).
-4
Let o(f) be the third derivative of f**5/30 - f**4/24 - 3*f**3/2 + 113*f**2. Give o(0).
-9
Suppose 0 = -u + 9*u - 16. Let f(v) be the first derivative of 2*v**3/3 - v**2 + 3*v - 7. What is f(u)?
7
Let n(c) = -c**3 + 8*c**2 + 3*c + 1. Suppose 4*m - 20 = -5*l + 36, 0 = -l - 4*m + 24. Calculate n(l).
25
Let p(s) = -12*s**3 - s**2 + 1. Suppose 20*k + 3*z - 20 = 25*k, -1 = -4*k - z. Give p(k).
12
Suppose 0 = -3*j - 2*t + 72, 2*j - 120 = -3*j - 4*t. Suppose h + j = -5*h. Let c(k) = -3*k - 4. What is c(h)?
8
Let t(q) be the first derivative of -q**2 - 19*q + 85. What is t(-10)?
1
Let u(k) be the third derivative of k**8/20160 + k**7/840 + k**6/144 - 2*k**5/15 + 34*k**2. Let s(l) be the third derivative of u(l). Give s(-5).
0
Let b(g) be the first derivative of g**2 + 39*g + 24. What is b(-18)?
3
Let a(g) = -9*g + 36. Let t(j) = -5*j + 18. Let k(h) = 4*a(h) - 7*t(h). Give k(10).
8
Let r(v) be the second derivative of v**5/20 + 3*v**4/4 + 4*v**3/3 + v**2 - 75*v. Let d = 9 - 17. Determine r(d).
2
Let v(k) = 5*k + 48. Let o(j) = 64*j + 1462. Let t be o(-23). What is v(t)?
-2
Let l(r) = -r - 3*r - 3*r. Suppose 1 = -5*u + 4*u. Let f = -2 - u. Determine l(f).
7
Suppose 2*x = 5*x. Let f(w) = -w - 1. Let p(k) be the second derivative of -k**4/12 - k**3/3 + 7*k**2/2 - 22*k. Let z(u) = 3*f(u) - p(u). Calculate z(x).
-10
Let i(n) = -30*n - 5. Let j(h) = 13*h + 3. Let u(r) = -3*i(r) - 5*j(r). What is u(1)?
25
Suppose 19*j - 17*j + 14 = 0. Let t(l) = -l**2 - l + 8. What is t(j)?
-34
Let o = 23/7 + -131/42. Let x(y) be the second derivative of o*y**3 - 5*y + 5/2*y**2 + 0. Calculate x(-4).
1
Suppose -15*a = -10*a. Let b(j) = j**2 - j + 6. Determine b(a).
6
Suppose 20*z = 19*z + 3. Let l(n) = -4*n**z - n - 2*n + 5 + 3*n**3 - 5*n**2. Let c = 1 + -5. Determine l(c).
1
Suppose 0 = -3*p + 2*p + 2. Suppose p*b - n - 22 = -b, 2*b - 15 = n. Let o(y) = -y**2 + 7*y + 2. Determine o(b).
2
Let d(x) = -707*x + 354*x + 355*x - x**3 - 3. Let q be (-18)/(-12)*(-8)/(-6). Give d(q).
-7
Let q(s) = -s. Let x(b) be the first derivative of 7*b**2/2 + b - 4. Let l(i) = -4*q(i) - x(i). Give l(5).
-16
Let b(j) = -j**2 - j. Let v = -65 + 14. Let o = -51 - v. Calculate b(o).
0
Let n(z) = z. Let i(o) = o**2 + 6*o - 4. Let s(v) = -i(v) - 3*n(v). Calculate s(-8).
12
Let y(n) = 7*n - 10. Let v(t) = 6*t - 7. Let i(m) = -5*v(m) + 4*y(m). Determine i(0).
-5
Let j(l) = -16*l**2 + l. Let i be (4/(-10) - 0)/((-6)/(-15)). Give j(i).
-17
Let d be 32/(-10) + 1/5. Let v(b) be the first derivative of -3/2*b**2 + 2 - 1/3*b**3 - 4*b. What is v(d)?
-4
Let q be ((-1)/1)/((-3)/(-21)). Let b(p) = -2*p - 5. Let c(i) = i + 3. Let m(s) = q*c(s) - 4*b(s). Let z be (-1)/3*(-144)/8. What is m(z)?
5
Let u(i) = 3*i**3 + 11*i**2 + 12*i + 1. Let x(c) = 5*c**3 + 17*c**2 + 18*c + 2. Let h(v) = -8*u(v) + 5*x(v). Let m = -2 + 6. Determine h(m).
-6
Let i(h) be the first derivative of h**5/20 - h**4/3 - 2*h**3/3 - h**2/2 + 8*h + 4. Let d(c) be the first derivative of i(c). Let t = 39 + -34. What is d(t)?
4
Let j = -14 + 14. Suppose -2*c - 2*c + 20 = j. Let u(h) = h - 5. W